6 - 138?
-1105
In base 5, what is 231 + 121001?
121232
In base 10, what is -451 + -158?
-609
In base 7, what is -34 + -26235?
-26302
In base 5, what is -1424 + 2411?
432
In base 10, what is 38804 + -22?
38782
In base 16, what is -13e + -143?
-281
In base 12, what is -10 + 19895?
19885
In base 16, what is -4 - 79d?
-7a1
In base 11, what is 2 + -1a17?
-1a15
In base 3, what is -12221121 - 10120?
-20002011
In base 12, what is 2 - 2084a?
-20848
In base 11, what is 281 - 61a2?
-5a21
In base 7, what is 5 + 523012?
523020
In base 6, what is -4 + -1122355?
-1122403
In base 7, what is -1 + -130002?
-130003
In base 3, what is 1011 - -10001122220?
10001201001
In base 11, what is 4 - -84316?
8431a
In base 5, what is -2203402 - -12?
-2203340
In base 9, what is -14 - 140174?
-140188
In base 14, what is 4a54 - -5?
4a59
In base 16, what is -2f8 + -101?
-3f9
In base 15, what is -1 + 587c7?
587c6
In base 16, what is -1c8181 - 0?
-1c8181
In base 2, what is -1010001001011010 - 100?
-1010001001011110
In base 16, what is 11eb - e?
11dd
In base 8, what is -3 - -1141342?
1141337
In base 8, what is -604 - 60?
-664
In base 13, what is 75 + -13c?
-97
In base 14, what is a31 + 8?
a39
In base 3, what is -110 + 12100111212?
12100111102
In base 2, what is 111 + -101111111010101110?
-101111111010100111
In base 10, what is -24134 - 1?
-24135
In base 15, what is -11 + -223?
-234
In base 7, what is 2 - -3326602?
3326604
In base 16, what is c27 - a?
c1d
In base 2, what is -1100101001001 + -111?
-1100101010000
In base 4, what is 10 + 22330100?
22330110
In base 7, what is -3645 - 324?
-4302
In base 16, what is 1c9b1 - 2?
1c9af
In base 3, what is 1 + 210012212?
210012220
In base 9, what is -207007 + 5?
-207002
In base 5, what is -14202 - 3?
-14210
In base 14, what is -6d8 - -bc?
-61a
In base 2, what is -1 + 1010011001100?
1010011001011
In base 5, what is 4 + -1201004?
-1201000
In base 9, what is 1535 + 6?
1542
In base 13, what is 579 - -291?
83a
In base 5, what is 121002 - -130?
121132
In base 15, what is -18b8 - 75?
-193d
In base 5, what is 11243220210 + 0?
11243220210
In base 8, what is -22 - 3700?
-3722
In base 7, what is 3600532 + 4?
3600536
In base 13, what is 13007 + 9?
13013
In base 6, what is -13 + -44011?
-44024
In base 7, what is 25433 - 3?
25430
In base 5, what is 131204223 + -1?
131204222
In base 13, what is 100b + 5b3?
15c1
In base 7, what is -53153 - 1?
-53154
In base 15, what is -8a + -c7d?
-d18
In base 11, what is 5672 + 154?
5816
In base 4, what is -3231133 - 1?
-3231200
In base 15, what is -3 - -4c412?
4c40e
In base 13, what is 2c44 + -1?
2c43
In base 15, what is -16984c - 5?
-169852
In base 3, what is 2202102121022 - -12?
2202102121111
In base 14, what is d9 - 5a2?
-4a7
In base 13, what is 45 - -12?
57
In base 15, what is 3 + -1525?
-1522
In base 3, what is 1102222 - -202?
1110201
In base 14, what is -5c7ac + -24?
-5c7d2
In base 11, what is 5a - -434?
493
In base 11, what is -20 - 20?
-40
In base 6, what is 4402240 - 4?
4402232
In base 6, what is 2 + -2422?
-2420
In base 14, what is 2c - 656a?
-653c
In base 8, what is -13743 - 2322?
-16265
In base 7, what is 3134330 - -12?
3134342
In base 2, what is 1011110101111101001000 - 100?
1011110101111101000100
In base 2, what is 1010 + -1110000100?
-1101111010
In base 9, what is -8 + -1534?
-1543
In base 3, what is -22002111 - -1?
-22002110
In base 15, what is 2 - d989?
-d987
In base 5, what is -2414401 + -4?
-2414410
In base 8, what is 14321 + -7?
14312
In base 16, what is 6 + -86a?
-864
In base 2, what is 11 - -101111011?
101111110
In base 13, what is 239 - -6cc?
938
In base 12, what is -4 + a6?
a2
In base 7, what is 2 - 2513033?
-2513031
In base 6, what is 34 + -352524?
-352450
In base 15, what is 813 + -2b1?
552
In base 9, what is 164204 - -11?
164215
In base 15, what is 1c2ee + -5?
1c2e9
In base 2, what is 10 + 11000001111100110?
11000001111101000
In base 6, what is 151 + -2445?
-2254
In base 15, what is 0 + 51c7?
51c7
In base 15, what is 145a1 - 3?
1459d
In base 14, what is -3b - 23d?
-27a
In base 8, what is 315 + 3432?
3747
In base 10, what is -52 - 332?
-384
In base 12, what is 3 + -4122?
-411b
In base 2, what is -10101 + -1000110100011100100?
-1000110100011111001
In base 14, what is -b - -d31?
d24
In base 8, what is -10 + -5110?
-5120
In base 6, what is -31 + -10255104?
-10255135
In base 3, what is 112011222 - 2102?
112002120
In base 9, what is 17 + -66180?
-66162
In base 6, what is -34353 - -13?
-34340
In base 13, what is 10a8 - cc?
ca9
In base 13, what is -97ba7 - -7?
-97ba0
In base 14, what is cb1c - -1?
cb1d
In base 16, what is 1d6 - -50?
226
In base 6, what is 1053421 + 4?
1053425
In base 6, what is 110 - -4035?
4145
In base 13, what is -3 + -15362c?
-153632
In base 15, what is 75294 + 5?
75299
In base 7, what is -401016 - 10?
-401026
In base 13, what is 12227b + 3?
122281
In base 10, what is 185 + -18627?
-18442
In base 13, what is aa + 1823?
1900
In base 14, what is 33 - 580?
-54b
In base 3, what is -1120 + -12202102?
-12210222
In base 9, what is 2 - 71778?
-71776
In base 10, what is -139649 + 3?
-139646
In base 8, what is 1 - -1305461?
1305462
In base 5, what is 1302001 + -1330?
1300121
In base 8, what is 234 + 6150?
6404
In base 9, what is -86413 + 105?
-86307
In base 7, what is -1461232 + -2?
-1461234
In base 2, what is 100 + -10101011100?
-10101011000
In base 12, what is -223 - -1b97?
1974
In base 16, what is -1b0d84 - 1?
-1b0d85
In base 11, what is 25 + -224a?
-2225
In base 15, what is -1c17 - -14?
-1c03
In base 10, what is -146 + -23?
-169
In base 16, what is -fc + -16?
-112
In base 13, what is -9a5 + 0?
-9a5
In base 11, what is -3740a - -3?
-37407
In base 11, what is 5 - 211804?
-2117aa
In base 13, what is -5 - -2c3a?
2c35
In base 6, what is -3 + -40155?
-40202
In base 13, what is 13 + 511?
524
In base 8, what is -2021753 - -5?
-2021746
In base 7, what is 144634 + 2?
144636
In base 6, what is 441 - -251?
1132
In base 13, what is 69bb - 4?
69b7
In base 3, what is 10210001 + -1021?
10201210
In base 6, what is -1 + -1032040?
-1032041
In base 4, what is -21231 + -10100?
-31331
In base 2, what is -1001 + 110010000101101010?
110010000101100001
In base 7, what is 12 + 4043?
4055
In base 15, what is 4 - e546e?
-e546a
In base 5, what is -1301 + -130?
-1431
In base 16, what is 5 + 12dd?
12e2
In base 7, what is 314 + 24?
341
In base 13, what is 547 - -11?
558
In base 16, what is -9d8b + -3?
-9d8e
In base 10, what is 80 - -598?
678
In base 7, what is 4 + 36631?
36635
In base 16, what is 6b1 + -17?
69a
In base 16, what is -5 + 3be?
3b9
In base 11, what is 5 - -13313?
13318
In base 4, what is 10311 + 1012?
11323
In base 14, what is da6 - -31?
dd7
In base 13, what is -18 - -11b?
103
In base 13, what is -1 - -15218?
15217
In base 7, what is 6312516 - 5?
6312511
In base 4, what is 10023321322 - 0?
10023321322
In base 15, what is -183c + 5?
-1837
In base 15, what is -24b + 1a?
-231
In base 3, what is -221 + 2221?
2000
In base 15, what is -25 - 1b3?
-1d8
In base 3, what is 1022222022 + 10?
1022222102
In base 15, what is 28d52 + 7?
28d59
In base 7, what is -1420605 - -3?
-1420602
In base 16, what is 16c5 + 1?
16c6
In base 11, what is -230 + -433?
-663
In base 13, what is 3 - -111778?
11177b
In base 8, what is -4625 - 1?
-4626
In base 12, what is -3308 - 4?
-3310
In base 12, what is 6 + 57988?
57992
In base 8, what is -152 - -3665?
3513
In base 2, what is 101111110010100000011 + 1?
101111110010100000100
In base 13, what is 673a9 + 4?
673b0
In base 14, what is -b - 2c26d?
-2c27a
In base 5, what is -2111111 - -20?
-2111041
In base 4, what is 12 + 13012333?
13013011
In base 4, what is -102210 + 101?
-102103
In base 11, what is -45 + -1134?
-1179
In base 15, what is 114 + c2?
1d6
In base 14, what is 3649 + 28?
3673
In base 5, what is -3 + 2241201?
2241143
In base 2, what is -1001001001101110 - 10101?
-1001001010000011
In base 4, what is 3223223 - 3?
3223220
In base 6, what is -4 - -1431334?
1431330
In base 12, what is 91 - 105?
-34
In base 7, what is -1051165 + -21?
-1051216
In base 12, what is -6a2 + 3297?
27b5
In base 5, what is -1 - 30010424?
-30010430
In base 6, what is 142 + -523?
-341
In base 3, what is -2011 - -20000101?
12221020
In base 4, what is 2103 - 30312?
-22203
In base 11, what is 37332 - -3?
37335
In bas